ighest common divisor of 1009 and 3712111?
1009
Calculate the highest common divisor of 5140400 and 10.
10
What is the highest common divisor of 21130 and 38770?
10
Calculate the highest common divisor of 568044 and 125364.
372
What is the highest common factor of 56912 and 373346277?
3557
What is the highest common divisor of 232996 and 330212?
124
What is the highest common divisor of 40219225 and 75?
25
Calculate the greatest common factor of 11717279 and 35.
7
What is the highest common factor of 110588 and 72?
4
What is the highest common factor of 7747 and 27389?
61
What is the greatest common factor of 2908 and 1356090548?
2908
Calculate the greatest common factor of 21774 and 152133.
57
What is the highest common factor of 210211465 and 3830?
1915
What is the greatest common divisor of 2905430 and 162382?
1342
What is the highest common factor of 132475641 and 2283?
2283
What is the greatest common factor of 1111 and 803455?
101
What is the greatest common divisor of 236 and 8057158?
118
Calculate the highest common divisor of 207 and 3381.
69
Calculate the greatest common divisor of 2880 and 46999080.
360
What is the highest common divisor of 3210 and 205472742?
642
Calculate the greatest common factor of 16350896 and 262.
262
Calculate the highest common factor of 530840 and 68.
4
Calculate the greatest common divisor of 23650 and 2616746.
22
Calculate the greatest common factor of 5525118 and 7074.
54
What is the greatest common divisor of 676 and 286072?
4
Calculate the greatest common factor of 34952931 and 4329.
117
Calculate the highest common factor of 37459 and 2390203.
797
Calculate the greatest common factor of 1467872 and 3248.
112
Calculate the greatest common divisor of 152279007 and 201.
201
What is the greatest common divisor of 96104 and 86?
2
Calculate the greatest common factor of 1355 and 19613354.
271
What is the highest common divisor of 8178 and 9020757?
141
What is the highest common factor of 4762560 and 18860?
820
What is the highest common divisor of 10335 and 12450555?
195
What is the highest common divisor of 7629821 and 136?
17
Calculate the greatest common factor of 14180957 and 123.
41
Calculate the highest common factor of 7981645 and 1067.
97
What is the greatest common divisor of 3804506 and 124?
62
Calculate the highest common divisor of 454520 and 4708.
44
What is the greatest common factor of 10447353 and 6804?
189
Calculate the greatest common factor of 35172 and 1671.
3
Calculate the greatest common factor of 34066 and 1.
1
Calculate the greatest common divisor of 93697 and 1039568.
43
Calculate the highest common divisor of 10434 and 159692.
74
Calculate the greatest common divisor of 85950 and 273240.
90
What is the highest common divisor of 1054 and 127194?
34
Calculate the greatest common factor of 687077 and 7645.
139
What is the highest common divisor of 536 and 3218948?
268
What is the greatest common factor of 60950 and 16542750?
1150
What is the highest common factor of 648 and 9980766?
54
What is the greatest common factor of 27 and 32892759?
9
What is the greatest common factor of 105370 and 3066554?
82
What is the greatest common factor of 18150 and 11009790?
3630
What is the highest common factor of 22506263 and 208?
13
What is the highest common divisor of 11132 and 6966332?
92
What is the highest common factor of 359505139 and 13531?
13531
Calculate the greatest common factor of 80 and 14396170.
10
Calculate the highest common factor of 3663918 and 3219.
87
Calculate the greatest common factor of 24 and 2848375488.
24
Calculate the highest common divisor of 199 and 1431859725.
199
Calculate the highest common divisor of 26 and 90184198.
26
Calculate the highest common divisor of 484 and 1201409.
121
Calculate the greatest common factor of 114 and 1541698.
38
Calculate the highest common divisor of 10389008 and 48.
16
What is the highest common factor of 1136746 and 624?
26
Calculate the greatest common divisor of 1175 and 108714713.
47
What is the greatest common factor of 1176910068 and 3284?
3284
What is the greatest common factor of 19568 and 48592?
16
Calculate the greatest common factor of 5229 and 1452915.
747
Calculate the greatest common divisor of 14434034 and 114266.
1178
What is the greatest common divisor of 109425663 and 9?
9
Calculate the greatest common factor of 49289 and 5458221.
2143
What is the highest common divisor of 380152 and 450262?
1558
Calculate the highest common divisor of 80 and 23404660.
20
Calculate the highest common divisor of 27291 and 456915019.
9097
What is the highest common factor of 50 and 2011850?
50
Calculate the greatest common factor of 45 and 53569350.
45
Calculate the greatest common divisor of 41698840 and 40.
40
Calculate the greatest common divisor of 46118608 and 48.
16
Calculate the highest common divisor of 43656 and 17444424.
2568
Calculate the highest common factor of 1649 and 7760687.
17
What is the highest common divisor of 7 and 14696633?
7
Calculate the greatest common factor of 4420442 and 19929.
949
Calculate the highest common divisor of 25 and 367220025.
25
Calculate the greatest common divisor of 495215095 and 3620.
905
Calculate the highest common divisor of 9459 and 171185829.
3153
What is the highest common divisor of 592 and 37894364?
148
What is the greatest common factor of 70 and 3566899?
7
Calculate the highest common factor of 5348 and 11496672.
764
What is the greatest common divisor of 5667 and 5064?
3
Calculate the highest common divisor of 4704 and 1386945.
147
What is the highest common factor of 2 and 388873054?
2
Calculate the greatest common divisor of 5 and 229930.
5
What is the greatest common divisor of 4070 and 116567?
11
Calculate the highest common divisor of 286144 and 122944.
1088
Calculate the highest common divisor of 530 and 6672370.
10
What is the greatest common divisor of 102 and 203568?
6
Calculate the highest common divisor of 2235738 and 437.
23
Calculate the highest common factor of 129 and 13115731.
43
What is the highest common divisor of 211614550 and 50?
50
Calculate the highest common factor of 57659520 and 240.
240
What is the highest common divisor of 20706 and 16670766?
1218
What is the highest common factor of 89419 and 3872?
121
Calculate the highest common factor of 12300 and 4585850.
2050
Calculate the highest common factor of 3790630 and 690.
230
What is the highest common divisor of 224 and 3265688?
8
What is the greatest common divisor of 330820 and 3740?
340
Calculate the greatest common divisor of 238340 and 3060.
340
What is the highest common factor of 39880931 and 148?
37
Calculate the greatest common factor of 11065 and 39406891.
2213
What is the highest common factor of 598 and 1391086?
46
Calculate the highest common divisor of 405 and 89106930.
45
Calculate the greatest common factor of 262327120 and 1540.
220
What is the greatest common factor of 70 and 3504802?
14
What is the highest common factor of 104997 and 353377?
1129
What is the greatest common factor of 36083732 and 444?
148
Calculate the highest common divisor of 252 and 158568676.
28
What is the highest common factor of 23335 and 4062085?
1795
What is the greatest common divisor of 60 and 26639740?
20
Calculate the highest common divisor of 230955 and 2657280.
2595
What is the greatest common divisor of 8025 and 16860?
15
What is the greatest common divisor of 4760 and 6676019?
119
What is the highest common factor of 1570 and 3359015?
785
Calculate the highest common factor of 235181039 and 6177.
2059
What is the greatest common divisor of 3440673 and 441?
9
What is the greatest common factor of 1943 and 287245?
29
What is the greatest common divisor of 41 and 679664954?
41
What is the highest common factor of 2615 and 488482523?
523
What is the highest common divisor of 241872 and 4848?
48
Calculate the highest common factor of 4257 and 16805991.
129
What is the highest common factor of 189 and 6733951?
7
Calculate the greatest common factor of 242471 and 132583.
17
Calculate the greatest common factor of 300560 and 991120.
1040
Calculate the greatest common factor of 23956030 and 435.
145
What is the greatest common divisor of 530784 and 76339?
97
What is the highest common factor of 400 and 